{"id":51,"date":"2021-09-27T15:09:09","date_gmt":"2021-09-27T15:09:09","guid":{"rendered":"https:\/\/twojerecepty.pl\/?page_id=51"},"modified":"2023-02-22T20:11:52","modified_gmt":"2023-02-22T20:11:52","slug":"przedluz-recepte","status":"publish","type":"page","link":"https:\/\/twojerecepty.pl\/","title":{"rendered":"Przed\u0142u\u017c recept\u0119 w 3 krokach"},"content":{"rendered":"\n<div class=\"is-layout-flex wp-container-2 wp-block-columns\">\n<div class=\"is-layout-flow wp-block-column\" style=\"flex-basis:100%\">\n<div class=\"wp-block-jetpack-tiled-gallery aligncenter is-style-rectangular\"><div class=\"tiled-gallery__gallery\"><div class=\"tiled-gallery__row\"><div class=\"tiled-gallery__col\" style=\"flex-basis:100.00000%\"><figure class=\"tiled-gallery__item\"><img decoding=\"async\" srcset=\"https:\/\/i0.wp.com\/twojerecepty.pl\/wp-content\/uploads\/2021\/09\/Projekt-bez-tytulu-41-1024x273.png?strip=info&#038;w=600&#038;ssl=1 600w,https:\/\/i0.wp.com\/twojerecepty.pl\/wp-content\/uploads\/2021\/09\/Projekt-bez-tytulu-41-1024x273.png?strip=info&#038;w=900&#038;ssl=1 900w,https:\/\/i0.wp.com\/twojerecepty.pl\/wp-content\/uploads\/2021\/09\/Projekt-bez-tytulu-41-1024x273.png?strip=info&#038;w=1200&#038;ssl=1 1200w,https:\/\/i0.wp.com\/twojerecepty.pl\/wp-content\/uploads\/2021\/09\/Projekt-bez-tytulu-41-1024x273.png?strip=info&#038;w=1500&#038;ssl=1 1500w\" alt=\"\" data-height=\"400\" data-id=\"82\" data-link=\"https:\/\/twojerecepty.pl\/?attachment_id=82\" data-url=\"https:\/\/twojerecepty.pl\/wp-content\/uploads\/2021\/09\/Projekt-bez-tytulu-41-1024x273.png\" data-width=\"1500\" src=\"https:\/\/i0.wp.com\/twojerecepty.pl\/wp-content\/uploads\/2021\/09\/Projekt-bez-tytulu-41-1024x273.png?ssl=1\" data-amp-layout=\"responsive\"\/><\/figure><\/div><\/div><\/div><\/div>\n<\/div>\n<\/div>\n\n\n\n<p class=\"has-text-align-center\">Szanowne Pacjentki !<\/p>\n\n\n\n<p class=\"has-text-align-center\"><br>Z us\u0142ugi \u201eprzed\u0142u\u017c recept\u0119\u201d mo\u017ce skorzysta\u0107 tylko i wy\u0142\u0105cznie pacjentka, kt\u00f3ra odby\u0142a ju\u017c u<br>mnie przynajmniej jedn\u0105 osobist\u0105 wizyt\u0119 lekarsk\u0105, w ramach kt\u00f3rej przepisa\u0142em jej lek do<br>sta\u0142ego stosowania (np. lek antykoncepcyjny, czy hormonaln\u0105 terapi\u0119 zast\u0119pcz\u0105).<br>Przyjmowanie takich lek\u00f3w wymaga regularnego wykonywania bada\u0144 profilaktycznych \u2013<br>USG narz\u0105du rodnego nie rzadziej ni\u017c raz na 6 \u2013 9 miesi\u0119cy oraz cytologii nie rzadziej ni\u017c raz<br>na 12 \u2013 18 miesi\u0119cy. Je\u017celi Twoje badania s\u0105 aktualne, mog\u0119 przed\u0142u\u017cy\u0107 recept\u0119 bez<br>konieczno\u015bci wizyty osobistej. W przeciwnym wypadku zaprosz\u0119 Ci\u0119 na wizyt\u0119 osobist\u0105<br>(op\u0142ata za us\u0142ug\u0119 \u201eprzed\u0142u\u017c recept\u0119\u201d zostanie wtedy odliczona od ceny wizyty). W sytuacji<br>awaryjnej (zgubienie lek\u00f3w, brak wolnych termin\u00f3w na wizyt\u0119) prosz\u0119 o kontakt \u2013 wystawi\u0119<br>recept\u0119 na jedno opakowanie preparatu.<\/p>\n\n\n\n<p class=\"has-text-align-center\">Micha\u0142 Jarosi\u0144ski<\/p>\n\n\n\n<div class=\"is-layout-flow wp-block-group\"><div class=\"wp-block-group__inner-container\">\n<div class=\"is-layout-flex wp-container-8 wp-block-columns\">\n<div class=\"is-layout-flow wp-block-column\">\n<div class=\"is-layout-flex wp-container-6 wp-block-columns\">\n<div class=\"is-layout-flow wp-block-column\"><\/div>\n\n\n\n<div class=\"is-layout-flow wp-block-column\"><div class=\"wpforms-container wpforms-container-full wpforms-block\" id=\"wpforms-61\"><form id=\"wpforms-form-61\" class=\"wpforms-validate wpforms-form wpforms-ajax-form\" data-formid=\"61\" method=\"post\" enctype=\"multipart\/form-data\" action=\"\/index.php?rest_route=%2Fwp%2Fv2%2Fpages%2F51\" data-token=\"846207c0abf1ac88e35e94a7c7ecdbdf\"><noscript class=\"wpforms-error-noscript\">Aby wype\u0142ni\u0107 ten formularz, w\u0142\u0105cz obs\u0142ug\u0119 JavaScript w przegl\u0105darce.<\/noscript><div class=\"wpforms-field-container\"><div id=\"wpforms-61-field_1-container\" class=\"wpforms-field wpforms-field-checkbox\" data-field-id=\"1\"><label class=\"wpforms-field-label wpforms-label-hide\" for=\"wpforms-61-field_1\">Prosz\u0119 o potwierdzenie <span class=\"wpforms-required-label\">*<\/span><\/label><ul id=\"wpforms-61-field_1\" class=\"wpforms-field-required\"><li class=\"choice-1 depth-1\"><input type=\"checkbox\" id=\"wpforms-61-field_1_1\" name=\"wpforms[fields][1][]\" value=\"Zapozna\u0142am si\u0119 z powy\u017csz\u0105 informacj\u0105\" required ><label class=\"wpforms-field-label-inline\" for=\"wpforms-61-field_1_1\">Zapozna\u0142am si\u0119 z powy\u017csz\u0105 informacj\u0105<\/label><\/li><\/ul><\/div><\/div><!-- .wpforms-field-container --><div class=\"wpforms-submit-container\" ><input type=\"hidden\" name=\"wpforms[id]\" value=\"61\"><input type=\"hidden\" name=\"wpforms[author]\" value=\"1\"><button type=\"submit\" name=\"wpforms[submit]\" id=\"wpforms-submit-61\" class=\"wpforms-submit\" data-alt-text=\"Wczytywanie ankiety...\" data-submit-text=\"Przejd\u017a dalej\" aria-live=\"assertive\" value=\"wpforms-submit\">Przejd\u017a dalej<\/button><img decoding=\"async\" loading=\"lazy\" src=\"https:\/\/twojerecepty.pl\/wp-content\/plugins\/wpforms-lite\/assets\/images\/submit-spin.svg\" class=\"wpforms-submit-spinner\" style=\"display: none;\" width=\"26\" height=\"26\" alt=\"Wczytywanie\"><\/div><\/form><\/div>  <!-- .wpforms-container --><\/div>\n\n\n\n<div class=\"is-layout-flow wp-block-column\"><\/div>\n<\/div>\n<\/div>\n<\/div>\n<\/div><\/div>\n","protected":false},"excerpt":{"rendered":"<p>Szanowne Pacjentki ! Z us\u0142ugi \u201eprzed\u0142u\u017c recept\u0119\u201d mo\u017ce skorzysta\u0107 tylko i wy\u0142\u0105cznie pacjentka, kt\u00f3ra odby\u0142a ju\u017c umnie przynajmniej jedn\u0105 osobist\u0105 wizyt\u0119 lekarsk\u0105, w ramach kt\u00f3rej przepisa\u0142em jej lek dosta\u0142ego stosowania (np. lek antykoncepcyjny, czy hormonaln\u0105 terapi\u0119 zast\u0119pcz\u0105).Przyjmowanie takich lek\u00f3w wymaga regularnego wykonywania bada\u0144 profilaktycznych \u2013USG narz\u0105du rodnego nie rzadziej ni\u017c [&hellip;]<\/p>\n","protected":false},"author":1,"featured_media":0,"parent":0,"menu_order":0,"comment_status":"closed","ping_status":"closed","template":"page-templates\/template-fullwidth.php","meta":[],"_links":{"self":[{"href":"https:\/\/twojerecepty.pl\/index.php?rest_route=\/wp\/v2\/pages\/51"}],"collection":[{"href":"https:\/\/twojerecepty.pl\/index.php?rest_route=\/wp\/v2\/pages"}],"about":[{"href":"https:\/\/twojerecepty.pl\/index.php?rest_route=\/wp\/v2\/types\/page"}],"author":[{"embeddable":true,"href":"https:\/\/twojerecepty.pl\/index.php?rest_route=\/wp\/v2\/users\/1"}],"replies":[{"embeddable":true,"href":"https:\/\/twojerecepty.pl\/index.php?rest_route=%2Fwp%2Fv2%2Fcomments&post=51"}],"version-history":[{"count":11,"href":"https:\/\/twojerecepty.pl\/index.php?rest_route=\/wp\/v2\/pages\/51\/revisions"}],"predecessor-version":[{"id":314,"href":"https:\/\/twojerecepty.pl\/index.php?rest_route=\/wp\/v2\/pages\/51\/revisions\/314"}],"wp:attachment":[{"href":"https:\/\/twojerecepty.pl\/index.php?rest_route=%2Fwp%2Fv2%2Fmedia&parent=51"}],"curies":[{"name":"wp","href":"https:\/\/api.w.org\/{rel}","templated":true}]}}